[INFO] cloning repository https://github.com/Oxyriser/zero2prod
[INFO] running `Command { std: "git" "-c" "credential.helper=" "-c" "credential.helper=/workspace/cargo-home/bin/git-credential-null" "clone" "--bare" "https://github.com/Oxyriser/zero2prod" "/workspace/cache/git-repos/https%3A%2F%2Fgithub.com%2FOxyriser%2Fzero2prod", kill_on_drop: false }`
[INFO] [stderr] Cloning into bare repository '/workspace/cache/git-repos/https%3A%2F%2Fgithub.com%2FOxyriser%2Fzero2prod'...
[INFO] running `Command { std: "git" "rev-parse" "HEAD", kill_on_drop: false }`
[INFO] [stdout] 73b9b4013e559bba5d9482615dab64d91e881be4
[INFO] checking Oxyriser/zero2prod against master#9610dfe5a9a731ced1ea4923ecbd0c57fe367898 for beta-170-4
[INFO] running `Command { std: "git" "clone" "/workspace/cache/git-repos/https%3A%2F%2Fgithub.com%2FOxyriser%2Fzero2prod" "/workspace/builds/worker-4-tc1/source", kill_on_drop: false }`
[INFO] [stderr] Cloning into '/workspace/builds/worker-4-tc1/source'...
[INFO] [stderr] done.
[INFO] validating manifest of git repo https://github.com/Oxyriser/zero2prod on toolchain 9610dfe5a9a731ced1ea4923ecbd0c57fe367898
[INFO] running `Command { std: CARGO_HOME="/workspace/cargo-home" RUSTUP_HOME="/workspace/rustup-home" "/workspace/cargo-home/bin/cargo" "+9610dfe5a9a731ced1ea4923ecbd0c57fe367898" "metadata" "--manifest-path" "Cargo.toml" "--no-deps", kill_on_drop: false }`
[INFO] removed /workspace/builds/worker-4-tc1/source/.cargo/config.toml
[INFO] started tweaking git repo https://github.com/Oxyriser/zero2prod
[INFO] finished tweaking git repo https://github.com/Oxyriser/zero2prod
[INFO] tweaked toml for git repo https://github.com/Oxyriser/zero2prod written to /workspace/builds/worker-4-tc1/source/Cargo.toml
[INFO] crate git repo https://github.com/Oxyriser/zero2prod already has a lockfile, it will not be regenerated
[INFO] running `Command { std: CARGO_HOME="/workspace/cargo-home" RUSTUP_HOME="/workspace/rustup-home" "/workspace/cargo-home/bin/cargo" "+9610dfe5a9a731ced1ea4923ecbd0c57fe367898" "fetch" "--manifest-path" "Cargo.toml", kill_on_drop: false }`
[INFO] [stderr]     Updating crates.io index
[INFO] [stderr]  Downloading crates ...
[INFO] [stderr]   Downloaded claims v0.7.1
[INFO] [stderr]   Downloaded fake v2.6.1
[INFO] [stderr] warning: spurious network error (3 tries remaining): [28] Timeout was reached (failed to download any data for `tracing-bunyan-formatter v0.3.7` within 30s)
[INFO] [stderr]   Downloaded tracing-bunyan-formatter v0.3.7
[INFO] running `Command { std: "docker" "create" "-v" "/var/lib/crater-agent-workspace/builds/worker-4-tc1/target:/opt/rustwide/target:rw,Z" "-v" "/var/lib/crater-agent-workspace/builds/worker-4-tc1/source:/opt/rustwide/workdir:ro,Z" "-v" "/var/lib/crater-agent-workspace/cargo-home:/opt/rustwide/cargo-home:ro,Z" "-v" "/var/lib/crater-agent-workspace/rustup-home:/opt/rustwide/rustup-home:ro,Z" "-e" "SOURCE_DIR=/opt/rustwide/workdir" "-e" "CARGO_TARGET_DIR=/opt/rustwide/target" "-e" "CARGO_HOME=/opt/rustwide/cargo-home" "-e" "RUSTUP_HOME=/opt/rustwide/rustup-home" "-w" "/opt/rustwide/workdir" "-m" "1610612736" "--user" "0:0" "--network" "none" "ghcr.io/rust-lang/crates-build-env/linux@sha256:19e73879b68f455e41552ea35293514db52ea292d993f571636dbffedb77a1ee" "/opt/rustwide/cargo-home/bin/cargo" "+9610dfe5a9a731ced1ea4923ecbd0c57fe367898" "metadata" "--no-deps" "--format-version=1", kill_on_drop: false }`
[INFO] [stdout] 8604c5bf020def84847cc85396705d07665e1ebafda0276d3b16f896b9c97803
[INFO] running `Command { std: "docker" "start" "-a" "8604c5bf020def84847cc85396705d07665e1ebafda0276d3b16f896b9c97803", kill_on_drop: false }`
[INFO] running `Command { std: "docker" "inspect" "8604c5bf020def84847cc85396705d07665e1ebafda0276d3b16f896b9c97803", kill_on_drop: false }`
[INFO] running `Command { std: "docker" "rm" "-f" "8604c5bf020def84847cc85396705d07665e1ebafda0276d3b16f896b9c97803", kill_on_drop: false }`
[INFO] [stdout] 8604c5bf020def84847cc85396705d07665e1ebafda0276d3b16f896b9c97803
[INFO] running `Command { std: "docker" "create" "-v" "/var/lib/crater-agent-workspace/builds/worker-4-tc1/target:/opt/rustwide/target:rw,Z" "-v" "/var/lib/crater-agent-workspace/builds/worker-4-tc1/source:/opt/rustwide/workdir:ro,Z" "-v" "/var/lib/crater-agent-workspace/cargo-home:/opt/rustwide/cargo-home:ro,Z" "-v" "/var/lib/crater-agent-workspace/rustup-home:/opt/rustwide/rustup-home:ro,Z" "-e" "SOURCE_DIR=/opt/rustwide/workdir" "-e" "CARGO_TARGET_DIR=/opt/rustwide/target" "-e" "CARGO_INCREMENTAL=0" "-e" "RUST_BACKTRACE=full" "-e" "RUSTFLAGS=--cap-lints=forbid" "-e" "RUSTDOCFLAGS=--cap-lints=forbid" "-e" "CARGO_HOME=/opt/rustwide/cargo-home" "-e" "RUSTUP_HOME=/opt/rustwide/rustup-home" "-w" "/opt/rustwide/workdir" "-m" "1610612736" "--user" "0:0" "--network" "none" "ghcr.io/rust-lang/crates-build-env/linux@sha256:19e73879b68f455e41552ea35293514db52ea292d993f571636dbffedb77a1ee" "/opt/rustwide/cargo-home/bin/cargo" "+9610dfe5a9a731ced1ea4923ecbd0c57fe367898" "check" "--frozen" "--all" "--all-targets" "--message-format=json", kill_on_drop: false }`
[INFO] [stdout] 7300963b8d5d956a614f23747d88c95a461a804770ae0aff2aa7d012a9af7c44
[INFO] running `Command { std: "docker" "start" "-a" "7300963b8d5d956a614f23747d88c95a461a804770ae0aff2aa7d012a9af7c44", kill_on_drop: false }`
[INFO] [stderr]    Compiling libc v0.2.144
[INFO] [stderr]    Compiling proc-macro2 v1.0.58
[INFO] [stderr]    Compiling quote v1.0.27
[INFO] [stderr]    Compiling version_check v0.9.4
[INFO] [stderr]     Checking once_cell v1.17.1
[INFO] [stderr]    Compiling serde v1.0.163
[INFO] [stderr]    Compiling futures-core v0.3.28
[INFO] [stderr]    Compiling log v0.4.17
[INFO] [stderr]    Compiling ring v0.16.20
[INFO] [stderr]    Compiling cfg-if v1.0.0
[INFO] [stderr]    Compiling typenum v1.16.0
[INFO] [stderr]    Compiling generic-array v0.14.7
[INFO] [stderr]    Compiling ahash v0.7.6
[INFO] [stderr]    Compiling tokio v1.28.1
[INFO] [stderr]    Compiling thiserror v1.0.40
[INFO] [stderr]    Compiling futures-task v0.3.28
[INFO] [stderr]    Compiling syn v2.0.16
[INFO] [stderr]     Checking futures-io v0.3.28
[INFO] [stderr]     Checking futures-sink v0.3.28
[INFO] [stderr]    Compiling futures-channel v0.3.28
[INFO] [stderr]    Compiling serde_json v1.0.96
[INFO] [stderr]    Compiling futures-util v0.3.28
[INFO] [stderr]     Checking untrusted v0.7.1
[INFO] [stderr]     Checking getrandom v0.2.9
[INFO] [stderr]     Checking num_cpus v1.15.0
[INFO] [stderr]     Checking mio v0.8.6
[INFO] [stderr]     Checking socket2 v0.4.9
[INFO] [stderr]     Checking spin v0.5.2
[INFO] [stderr]     Checking tracing-core v0.1.31
[INFO] [stderr]    Compiling crossbeam-utils v0.8.15
[INFO] [stderr]    Compiling rustls v0.20.8
[INFO] [stderr]     Checking hashbrown v0.12.3
[INFO] [stderr]    Compiling parking_lot_core v0.8.6
[INFO] [stderr]    Compiling indexmap v1.9.3
[INFO] [stderr]    Compiling num-traits v0.2.15
[INFO] [stderr]    Compiling subtle v2.5.0
[INFO] [stderr]     Checking ppv-lite86 v0.2.17
[INFO] [stderr]    Compiling rustversion v1.0.12
[INFO] [stderr]    Compiling crypto-common v0.1.6
[INFO] [stderr]    Compiling block-buffer v0.10.4
[INFO] [stderr]    Compiling tinyvec_macros v0.1.1
[INFO] [stderr]    Compiling digest v0.10.7
[INFO] [stderr]    Compiling pin-project-lite v0.2.9
[INFO] [stderr]    Compiling time-core v0.1.1
[INFO] [stderr]    Compiling tinyvec v1.6.0
[INFO] [stderr]    Compiling time-macros v0.2.9
[INFO] [stderr]    Compiling ahash v0.8.3
[INFO] [stderr]    Compiling webpki v0.22.0
[INFO] [stderr]     Checking sct v0.7.0
[INFO] [stderr]    Compiling crossbeam-queue v0.3.8
[INFO] [stderr]    Compiling bytes v1.4.0
[INFO] [stderr]    Compiling async-trait v0.1.68
[INFO] [stderr]    Compiling memchr v2.5.0
[INFO] [stderr]    Compiling unicode-normalization v0.1.22
[INFO] [stderr]    Compiling instant v0.1.12
[INFO] [stderr]    Compiling scopeguard v1.1.0
[INFO] [stderr]    Compiling ucd-trie v0.1.5
[INFO] [stderr]    Compiling paste v1.0.12
[INFO] [stderr]    Compiling unicode-bidi v0.3.13
[INFO] [stderr]    Compiling smallvec v1.10.0
[INFO] [stderr]     Checking base64 v0.13.1
[INFO] [stderr]    Compiling lock_api v0.4.9
[INFO] [stderr]     Checking want v0.3.0
[INFO] [stderr]    Compiling rand_core v0.6.4
[INFO] [stderr]     Checking aho-corasick v1.0.1
[INFO] [stderr]     Checking minimal-lexical v0.2.1
[INFO] [stderr]    Compiling percent-encoding v2.2.0
[INFO] [stderr]     Checking regex-syntax v0.7.1
[INFO] [stderr]     Checking event-listener v2.5.3
[INFO] [stderr]    Compiling itoa v1.0.6
[INFO] [stderr]    Compiling getrandom v0.1.16
[INFO] [stderr]    Compiling rustls v0.21.1
[INFO] [stderr]    Compiling cpufeatures v0.2.7
[INFO] [stderr]    Compiling rand_chacha v0.3.1
[INFO] [stderr]     Checking nom v7.1.3
[INFO] [stderr]    Compiling form_urlencoded v1.1.0
[INFO] [stderr]    Compiling hashbrown v0.13.2
[INFO] [stderr]    Compiling parking_lot v0.11.2
[INFO] [stderr]    Compiling serde_derive v1.0.163
[INFO] [stderr]    Compiling tokio-macros v2.1.0
[INFO] [stderr]    Compiling thiserror-impl v1.0.40
[INFO] [stderr]    Compiling futures-macro v0.3.28
[INFO] [stderr]    Compiling tracing-attributes v0.1.24
[INFO] [stderr]    Compiling pest v2.6.0
[INFO] [stderr]    Compiling tokio-rustls v0.23.4
[INFO] [stderr]     Checking regex v1.8.1
[INFO] [stderr]     Checking tracing v0.1.37
[INFO] [stderr]    Compiling idna v0.3.0
[INFO] [stderr]    Compiling pest_meta v2.6.0
[INFO] [stderr]     Checking rustls-webpki v0.100.1
[INFO] [stderr]    Compiling hmac v0.12.1
[INFO] [stderr]    Compiling dirs-sys v0.3.7
[INFO] [stderr]    Compiling ryu v1.0.13
[INFO] [stderr]     Checking tokio-util v0.7.8
[INFO] [stderr]    Compiling anyhow v1.0.71
[INFO] [stderr]     Checking tower-layer v0.3.2
[INFO] [stderr]     Checking h2 v0.3.19
[INFO] [stderr]    Compiling syn v1.0.109
[INFO] [stderr]     Checking regex-syntax v0.6.29
[INFO] [stderr]    Compiling pin-utils v0.1.0
[INFO] [stderr]    Compiling base64 v0.21.0
[INFO] [stderr]    Compiling unicode_categories v0.1.1
[INFO] [stderr]    Compiling crc-catalog v2.2.0
[INFO] [stderr]    Compiling rustls-pemfile v1.0.2
[INFO] [stderr]    Compiling crc v3.0.1
[INFO] [stderr]    Compiling atoi v1.0.0
[INFO] [stderr]     Checking time v0.3.21
[INFO] [stderr]    Compiling dirs v4.0.0
[INFO] [stderr]    Compiling pest_generator v2.6.0
[INFO] [stderr]     Checking regex-automata v0.1.10
[INFO] [stderr]    Compiling hkdf v0.12.3
[INFO] [stderr]    Compiling url v2.3.1
[INFO] [stderr]    Compiling sqlx-rt v0.6.3
[INFO] [stderr]    Compiling tokio-stream v0.1.14
[INFO] [stderr]    Compiling pin-project-internal v1.1.0
[INFO] [stderr]    Compiling either v1.8.1
[INFO] [stderr]    Compiling itertools v0.10.5
[INFO] [stderr]     Checking hyper v0.14.26
[INFO] [stderr]     Checking serde_urlencoded v0.7.1
[INFO] [stderr]    Compiling hashlink v0.8.2
[INFO] [stderr]    Compiling futures-intrusive v0.4.2
[INFO] [stderr]     Checking rand v0.8.5
[INFO] [stderr]    Compiling sha1 v0.10.5
[INFO] [stderr]    Compiling sha2 v0.10.6
[INFO] [stderr]    Compiling sqlformat v0.2.1
[INFO] [stderr]    Compiling axum-core v0.3.4
[INFO] [stderr]    Compiling stringprep v0.1.2
[INFO] [stderr]     Checking webpki-roots v0.22.6
[INFO] [stderr]    Compiling md-5 v0.10.5
[INFO] [stderr]     Checking uuid v1.3.3
[INFO] [stderr]    Compiling hex v0.4.3
[INFO] [stderr]    Compiling byteorder v1.4.3
[INFO] [stderr]     Checking dlv-list v0.3.0
[INFO] [stderr]     Checking overload v0.1.1
[INFO] [stderr]    Compiling unicode-segmentation v1.10.1
[INFO] [stderr]    Compiling whoami v1.4.0
[INFO] [stderr]    Compiling dotenvy v0.15.7
[INFO] [stderr]    Compiling bitflags v1.3.2
[INFO] [stderr]    Compiling sqlx-core v0.6.3
[INFO] [stderr]    Compiling heck v0.4.1
[INFO] [stderr]     Checking ordered-multimap v0.4.3
[INFO] [stderr]     Checking nu-ansi-term v0.46.0
[INFO] [stderr]     Checking pin-project v1.1.0
[INFO] [stderr]     Checking rand_core v0.5.1
[INFO] [stderr]     Checking tokio-rustls v0.24.0
[INFO] [stderr]    Compiling pest_derive v2.6.0
[INFO] [stderr]     Checking matchers v0.1.0
[INFO] [stderr]    Compiling axum v0.6.18
[INFO] [stderr]     Checking tracing-log v0.1.3
[INFO] [stderr]     Checking sharded-slab v0.1.4
[INFO] [stderr]     Checking thread_local v1.1.7
[INFO] [stderr]    Compiling claims v0.7.1
[INFO] [stderr]     Checking matches v0.1.10
[INFO] [stderr]     Checking linked-hash-map v0.5.6
[INFO] [stderr]     Checking idna v0.2.3
[INFO] [stderr]     Checking yaml-rust v0.4.5
[INFO] [stderr]     Checking json5 v0.4.1
[INFO] [stderr]     Checking hyper-rustls v0.24.0
[INFO] [stderr]     Checking tracing-subscriber v0.3.17
[INFO] [stderr]     Checking rand_chacha v0.2.2
[INFO] [stderr]     Checking tower v0.4.13
[INFO] [stderr]     Checking rust-ini v0.18.0
[INFO] [stderr]     Checking toml v0.5.11
[INFO] [stderr]     Checking serde_path_to_error v0.1.11
[INFO] [stderr]     Checking ron v0.7.1
[INFO] [stderr]     Checking concurrent-queue v2.2.0
[INFO] [stderr]     Checking gethostname v0.2.3
[INFO] [stderr]     Checking ipnet v2.7.2
[INFO] [stderr]     Checking fastrand v1.9.0
[INFO] [stderr]     Checking unidecode v0.3.0
[INFO] [stderr]     Checking zeroize v1.6.0
[INFO] [stderr]     Checking http-range-header v0.3.0
[INFO] [stderr]     Checking sync_wrapper v0.1.2
[INFO] [stderr]     Checking waker-fn v1.1.0
[INFO] [stderr]    Compiling http-types v2.12.0
[INFO] [stderr]     Checking pathdiff v0.2.1
[INFO] [stderr]     Checking parking v2.1.0
[INFO] [stderr]     Checking matchit v0.7.0
[INFO] [stderr]     Checking futures-lite v1.13.0
[INFO] [stderr]     Checking fake v2.6.1
[INFO] [stderr]     Checking config v0.13.3
[INFO] [stderr]     Checking tower-http v0.4.0
[INFO] [stderr]     Checking secrecy v0.8.0
[INFO] [stderr]     Checking reqwest v0.11.18
[INFO] [stderr]     Checking tracing-bunyan-formatter v0.3.7
[INFO] [stderr]     Checking async-channel v1.8.0
[INFO] [stderr]     Checking rand v0.7.3
[INFO] [stderr]     Checking validator v0.16.0
[INFO] [stderr]     Checking serde_qs v0.8.5
[INFO] [stderr]     Checking futures-executor v0.3.28
[INFO] [stderr]     Checking linkify v0.9.0
[INFO] [stderr]     Checking infer v0.2.3
[INFO] [stderr]     Checking retain_mut v0.1.9
[INFO] [stderr]     Checking deadpool-runtime v0.1.2
[INFO] [stderr]     Checking deadpool v0.9.5
[INFO] [stderr]     Checking futures v0.3.28
[INFO] [stderr]     Checking assert-json-diff v2.0.2
[INFO] [stderr]     Checking futures-timer v3.0.2
[INFO] [stderr]     Checking wiremock v0.5.18
[INFO] [stderr]    Compiling sqlx-macros v0.6.3
[INFO] [stderr]     Checking sqlx v0.6.3
[INFO] [stderr]     Checking zero2prod v0.1.0 (/opt/rustwide/workdir)
[INFO] [stdout] error: error communicating with database: Connection refused (os error 111)
[INFO] [stdout]    --> src/routes/subscription.rs:113:5
[INFO] [stdout]     |
[INFO] [stdout] 113 | /     sqlx::query!(
[INFO] [stdout] 114 | |         r#"
[INFO] [stdout] 115 | |         INSERT INTO subscription (id, email, name, subscribed_at, status)
[INFO] [stdout] 116 | |         VALUES ($1, $2, $3, $4, 'pending_confirmation')
[INFO] [stdout] ...   |
[INFO] [stdout] 121 | |         OffsetDateTime::now_utc(),
[INFO] [stdout] 122 | |     )
[INFO] [stdout]     | |_____^
[INFO] [stdout]     |
[INFO] [stdout]     = note: this error originates in the macro `$crate::sqlx_macros::expand_query` which comes from the expansion of the macro `sqlx::query` (in Nightly builds, run with -Z macro-backtrace for more info)
[INFO] [stdout] 
[INFO] [stdout] 
[INFO] [stdout] error: error communicating with database: Connection refused (os error 111)
[INFO] [stdout]    --> src/routes/subscription.rs:143:5
[INFO] [stdout]     |
[INFO] [stdout] 143 | /     sqlx::query!(
[INFO] [stdout] 144 | |         r#"
[INFO] [stdout] 145 | |         INSERT INTO subscription_token (subscription_token, subscriber_id)
[INFO] [stdout] 146 | |         VALUES ($1, $2)
[INFO] [stdout] ...   |
[INFO] [stdout] 149 | |         subscriber_id,
[INFO] [stdout] 150 | |     )
[INFO] [stdout]     | |_____^
[INFO] [stdout]     |
[INFO] [stdout]     = note: this error originates in the macro `$crate::sqlx_macros::expand_query` which comes from the expansion of the macro `sqlx::query` (in Nightly builds, run with -Z macro-backtrace for more info)
[INFO] [stdout] 
[INFO] [stdout] 
[INFO] [stdout] error: error communicating with database: Connection refused (os error 111)
[INFO] [stdout]    --> src/routes/subscription.rs:113:5
[INFO] [stdout]     |
[INFO] [stdout] 113 | /     sqlx::query!(
[INFO] [stdout] 114 | |         r#"
[INFO] [stdout] 115 | |         INSERT INTO subscription (id, email, name, subscribed_at, status)
[INFO] [stdout] 116 | |         VALUES ($1, $2, $3, $4, 'pending_confirmation')
[INFO] [stdout] ...   |
[INFO] [stdout] 121 | |         OffsetDateTime::now_utc(),
[INFO] [stdout] 122 | |     )
[INFO] [stdout]     | |_____^
[INFO] [stdout]     |
[INFO] [stdout]     = note: this error originates in the macro `$crate::sqlx_macros::expand_query` which comes from the expansion of the macro `sqlx::query` (in Nightly builds, run with -Z macro-backtrace for more info)
[INFO] [stdout] 
[INFO] [stdout] 
[INFO] [stdout] error: error communicating with database: Connection refused (os error 111)
[INFO] [stdout]    --> src/routes/subscription.rs:143:5
[INFO] [stdout]     |
[INFO] [stdout] 143 | /     sqlx::query!(
[INFO] [stdout] 144 | |         r#"
[INFO] [stdout] 145 | |         INSERT INTO subscription_token (subscription_token, subscriber_id)
[INFO] [stdout] 146 | |         VALUES ($1, $2)
[INFO] [stdout] ...   |
[INFO] [stdout] 149 | |         subscriber_id,
[INFO] [stdout] 150 | |     )
[INFO] [stdout]     | |_____^
[INFO] [stdout]     |
[INFO] [stdout]     = note: this error originates in the macro `$crate::sqlx_macros::expand_query` which comes from the expansion of the macro `sqlx::query` (in Nightly builds, run with -Z macro-backtrace for more info)
[INFO] [stdout] 
[INFO] [stdout] 
[INFO] [stdout] error: error communicating with database: Connection refused (os error 111)
[INFO] [stdout]   --> src/routes/subscription_confirm.rs:66:18
[INFO] [stdout]    |
[INFO] [stdout] 66 |       let result = sqlx::query_scalar!(
[INFO] [stdout]    |  __________________^
[INFO] [stdout] 67 | |         r#"SELECT subscriber_id FROM subscription_token WHERE subscription_token = $1"#,
[INFO] [stdout] 68 | |         subscription_token,
[INFO] [stdout] 69 | |     )
[INFO] [stdout]    | |_____^
[INFO] [stdout]    |
[INFO] [stdout]    = note: this error originates in the macro `$crate::sqlx_macros::expand_query` which comes from the expansion of the macro `sqlx::query_scalar` (in Nightly builds, run with -Z macro-backtrace for more info)
[INFO] [stdout] 
[INFO] [stdout] 
[INFO] [stdout] error: error communicating with database: Connection refused (os error 111)
[INFO] [stdout]   --> src/routes/subscription_confirm.rs:78:5
[INFO] [stdout]    |
[INFO] [stdout] 78 | /     sqlx::query!(
[INFO] [stdout] 79 | |         r#"UPDATE subscription SET status = 'confirmed' WHERE id = $1"#,
[INFO] [stdout] 80 | |         subscriber_id,
[INFO] [stdout] 81 | |     )
[INFO] [stdout]    | |_____^
[INFO] [stdout]    |
[INFO] [stdout]    = note: this error originates in the macro `$crate::sqlx_macros::expand_query` which comes from the expansion of the macro `sqlx::query` (in Nightly builds, run with -Z macro-backtrace for more info)
[INFO] [stdout] 
[INFO] [stdout] 
[INFO] [stdout] error: error communicating with database: Connection refused (os error 111)
[INFO] [stdout]   --> src/routes/subscription_confirm.rs:66:18
[INFO] [stdout]    |
[INFO] [stdout] 66 |       let result = sqlx::query_scalar!(
[INFO] [stdout]    |  __________________^
[INFO] [stdout] 67 | |         r#"SELECT subscriber_id FROM subscription_token WHERE subscription_token = $1"#,
[INFO] [stdout] 68 | |         subscription_token,
[INFO] [stdout] 69 | |     )
[INFO] [stdout]    | |_____^
[INFO] [stdout]    |
[INFO] [stdout]    = note: this error originates in the macro `$crate::sqlx_macros::expand_query` which comes from the expansion of the macro `sqlx::query_scalar` (in Nightly builds, run with -Z macro-backtrace for more info)
[INFO] [stdout] 
[INFO] [stdout] 
[INFO] [stdout] error: error communicating with database: Connection refused (os error 111)
[INFO] [stdout]   --> src/routes/subscription_confirm.rs:78:5
[INFO] [stdout]    |
[INFO] [stdout] 78 | /     sqlx::query!(
[INFO] [stdout] 79 | |         r#"UPDATE subscription SET status = 'confirmed' WHERE id = $1"#,
[INFO] [stdout] 80 | |         subscriber_id,
[INFO] [stdout] 81 | |     )
[INFO] [stdout]    | |_____^
[INFO] [stdout]    |
[INFO] [stdout]    = note: this error originates in the macro `$crate::sqlx_macros::expand_query` which comes from the expansion of the macro `sqlx::query` (in Nightly builds, run with -Z macro-backtrace for more info)
[INFO] [stdout] 
[INFO] [stdout] 
[INFO] [stdout] warning: unused import: `types::time::OffsetDateTime`
[INFO] [stdout]   --> src/routes/subscription.rs:14:12
[INFO] [stdout]    |
[INFO] [stdout] 14 | use sqlx::{types::time::OffsetDateTime, Postgres, Transaction};
[INFO] [stdout]    |            ^^^^^^^^^^^^^^^^^^^^^^^^^^^
[INFO] [stdout]    |
[INFO] [stdout]    = note: `#[warn(unused_imports)]` on by default
[INFO] [stdout] 
[INFO] [stdout] 
[INFO] [stdout] warning: unused import: `types::time::OffsetDateTime`
[INFO] [stdout]   --> src/routes/subscription.rs:14:12
[INFO] [stdout]    |
[INFO] [stdout] 14 | use sqlx::{types::time::OffsetDateTime, Postgres, Transaction};
[INFO] [stdout]    |            ^^^^^^^^^^^^^^^^^^^^^^^^^^^
[INFO] [stdout]    |
[INFO] [stdout]    = note: `#[warn(unused_imports)]` on by default
[INFO] [stdout] 
[INFO] [stdout] 
[INFO] [stdout] warning: unused variable: `newsletter`
[INFO] [stdout]   --> src/routes/newsletter.rs:16:38
[INFO] [stdout]    |
[INFO] [stdout] 16 | pub async fn publish_newsletter(Json(newsletter): Json<Newsletter>) -> StatusCode {
[INFO] [stdout]    |                                      ^^^^^^^^^^ help: if this is intentional, prefix it with an underscore: `_newsletter`
[INFO] [stdout]    |
[INFO] [stdout]    = note: `#[warn(unused_variables)]` on by default
[INFO] [stdout] 
[INFO] [stdout] 
[INFO] [stdout] warning: unused variable: `newsletter`
[INFO] [stdout]   --> src/routes/newsletter.rs:16:38
[INFO] [stdout]    |
[INFO] [stdout] 16 | pub async fn publish_newsletter(Json(newsletter): Json<Newsletter>) -> StatusCode {
[INFO] [stdout]    |                                      ^^^^^^^^^^ help: if this is intentional, prefix it with an underscore: `_newsletter`
[INFO] [stdout]    |
[INFO] [stdout]    = note: `#[warn(unused_variables)]` on by default
[INFO] [stdout] 
[INFO] [stdout] 
[INFO] [stdout] error: aborting due to 4 previous errors; 2 warnings emitted
[INFO] [stdout] 
[INFO] [stdout] 
[INFO] [stdout] error: aborting due to 4 previous errors; 2 warnings emitted
[INFO] [stdout] 
[INFO] [stdout] 
[INFO] [stderr] error: could not compile `zero2prod` (lib) due to 5 previous errors; 2 warnings emitted
[INFO] [stderr] warning: build failed, waiting for other jobs to finish...
[INFO] [stderr] error: could not compile `zero2prod` (lib test) due to 5 previous errors; 2 warnings emitted
[INFO] running `Command { std: "docker" "inspect" "7300963b8d5d956a614f23747d88c95a461a804770ae0aff2aa7d012a9af7c44", kill_on_drop: false }`
[INFO] running `Command { std: "docker" "rm" "-f" "7300963b8d5d956a614f23747d88c95a461a804770ae0aff2aa7d012a9af7c44", kill_on_drop: false }`
[INFO] [stdout] 7300963b8d5d956a614f23747d88c95a461a804770ae0aff2aa7d012a9af7c44
